{"id":1102,"date":"2024-12-04T16:05:38","date_gmt":"2024-12-04T15:05:38","guid":{"rendered":"https:\/\/mediqskin.pl\/sklep\/?post_type=product&#038;p=1102"},"modified":"2024-12-04T16:05:38","modified_gmt":"2024-12-04T15:05:38","slug":"expansil-cream","status":"publish","type":"product","link":"https:\/\/mediqskin.pl\/sklep\/produkt\/expansil-cream\/","title":{"rendered":"Expansil Cream"},"content":{"rendered":"<p>Expansil Cream to produkt, kt\u00f3ry przyci\u0105ga uwag\u0119 m\u0119\u017cczyzn poszukuj\u0105cych naturalnych metod na popraw\u0119 jako\u015bci \u017cycia seksualnego. Dzi\u0119ki unikalnej formule, opieraj\u0105cej si\u0119 na sk\u0142adnikach pochodzenia ro\u015blinnego, krem ten ma na celu nie tylko zwi\u0119kszenie rozmiaru penisa, ale tak\u017ce popraw\u0119 erekcji i og\u00f3lnego komfortu seksualnego. W tym artykule przyjrzymy si\u0119 bli\u017cej temu preparatowi, jego dzia\u0142aniu oraz opiniom u\u017cytkownik\u00f3w.<\/p>\n<figure class=\"wp-block-table is-style-regular\">\n<table class=\"has-fixed-layout\">\n<tbody>\n<tr style=\"height: 13px;\">\n<td style=\"height: 13px;\"><strong>Nazwa produktu<\/strong><\/td>\n<td style=\"height: 13px;\">Expansil Cream<\/td>\n<\/tr>\n<tr style=\"height: 14px;\">\n<td style=\"height: 14px;\"><strong>Opinie o produkcie<\/strong><\/td>\n<td style=\"height: 14px;\">\u2b50\u2b50\u2b50\u2b50\u2b50<\/td>\n<\/tr>\n<tr style=\"height: 13px;\">\n<td style=\"height: 13px;\"><strong>Cena produktu<\/strong><\/td>\n<td style=\"height: 13px;\">167,99 z\u0142 <del>209,99 z\u0142<\/del><\/td>\n<\/tr>\n<tr style=\"height: 13px;\">\n<td style=\"height: 13px;\"><strong>Forma produktu<\/strong><\/td>\n<td style=\"height: 13px;\">Krem<\/td>\n<\/tr>\n<tr style=\"height: 14px;\">\n<td style=\"height: 14px;\"><strong>Sk\u0142ad produktu<\/strong><\/td>\n<td style=\"height: 14px;\">\n<ul>\n<li>Olejek z nasion dzikiej r\u00f3\u017cy<\/li>\n<li>Olejek z li\u015bci mi\u0119ty pieprzowej<\/li>\n<li>Ekstrakt z li\u015bci mi\u0142orz\u0119bu japo\u0144skiego<\/li>\n<li>Sok z li\u015bci aloesu<\/li>\n<li>Macerat z arniki g\u00f3rskiej<\/li>\n<\/ul>\n<\/td>\n<\/tr>\n<\/tbody>\n<\/table>\n<\/figure>\n<h2>Co to jest Expansil Cream?<\/h2>\n<p>Expansil Cream to preparat w formie kremu, kt\u00f3ry zosta\u0142 stworzony z my\u015bl\u0105 o m\u0119\u017cczyznach pragn\u0105cych poprawi\u0107 swoje \u017cycie intymne. Jego sk\u0142ad oparty na naturalnych ekstraktach ro\u015blinnych ma na celu wspieranie zdrowia seksualnego poprzez zwi\u0119kszenie przep\u0142ywu krwi do tkanek penisa oraz stymulacj\u0119 wzrostu kom\u00f3rek. Regularne stosowanie mo\u017ce prowadzi\u0107 do zauwa\u017calnych efekt\u00f3w w zakresie rozmiaru oraz jako\u015bci erekcji.<\/p>\n<h2>Wskazania do stosowania Expansil Cream<\/h2>\n<figure class=\"wp-block-table is-style-regular\">\n<table class=\"has-fixed-layout\">\n<tbody>\n<tr style=\"height: 13px;\">\n<td><strong>Wskazanie<\/strong><\/td>\n<td><strong>Opis<\/strong><\/td>\n<\/tr>\n<tr style=\"height: 14px;\">\n<td>Erekcja<\/td>\n<td>Poprawa jako\u015bci erekcji i jej trwa\u0142o\u015bci.<\/td>\n<\/tr>\n<tr style=\"height: 14px;\">\n<td>Zwi\u0119kszenie rozmiaru penisa<\/td>\n<td>Wsparcie w procesie zwi\u0119kszania rozmiaru tkanek penisa.<\/td>\n<\/tr>\n<tr style=\"height: 14px;\">\n<td>Pobudzenie libido<\/td>\n<td>Zwi\u0119kszenie po\u017c\u0105dania seksualnego.<\/td>\n<\/tr>\n<tr style=\"height: 14px;\">\n<td>Poprawa kr\u0105\u017cenia krwi<\/td>\n<td>Wzmocnienie ukrwienia w okolicach genitalnych.<\/td>\n<\/tr>\n<\/tbody>\n<\/table>\n<\/figure>\n<h2>Jak dzia\u0142a Expansil Cream?<\/h2>\n<p>Dzia\u0142anie Expansil Cream opiera si\u0119 na synergii sk\u0142adnik\u00f3w aktywnych, kt\u00f3re wspomagaj\u0105 kr\u0105\u017cenie krwi oraz stymuluj\u0105 wzrost kom\u00f3rek. Olejek z nasion dzikiej r\u00f3\u017cy i ekstrakt z li\u015bci mi\u0142orz\u0119bu japo\u0144skiego s\u0105 znane ze swoich w\u0142a\u015bciwo\u015bci poprawiaj\u0105cych ukrwienie, co przek\u0142ada si\u0119 na lepsz\u0105 erekcj\u0119. Dodatkowo, olejek z mi\u0119ty pieprzowej dzia\u0142a ch\u0142odz\u0105co i od\u015bwie\u017caj\u0105co, co mo\u017ce zwi\u0119ksza\u0107 przyjemno\u015b\u0107 podczas stosowania. Regularne stosowanie preparatu mo\u017ce prowadzi\u0107 do d\u0142ugotrwa\u0142ych efekt\u00f3w, kt\u00f3re s\u0105 zauwa\u017calne zar\u00f3wno dla u\u017cytkownika, jak i jego partnerki.<\/p>\n<h2>Kto powinien stosowa\u0107 Expansil Cream?<\/h2>\n<p>Expansil Cream jest przeznaczony dla m\u0119\u017cczyzn w ka\u017cdym wieku, kt\u00f3rzy chc\u0105 poprawi\u0107 swoje \u017cycie seksualne. Mo\u017ce by\u0107 szczeg\u00f3lnie korzystny dla tych, kt\u00f3rzy zauwa\u017caj\u0105 spadek libido lub maj\u0105 trudno\u015bci z osi\u0105gni\u0119ciem satysfakcjonuj\u0105cej erekcji. Produkt ten jest r\u00f3wnie\u017c polecany dla m\u0119\u017cczyzn pragn\u0105cych zwi\u0119kszy\u0107 rozmiar penisa w spos\u00f3b naturalny i bezpieczny.<\/p>\n<h2>Przeciwwskazania do stosowania Expansil Cream<\/h2>\n<p>Mimo \u017ce Expansil Cream sk\u0142ada si\u0119 z naturalnych sk\u0142adnik\u00f3w, istniej\u0105 pewne przeciwwskazania do jego stosowania:<\/p>\n<ul>\n<li>Alergia na kt\u00f3rykolwiek ze sk\u0142adnik\u00f3w preparatu.<\/li>\n<li>Powa\u017cne schorzenia sk\u00f3ry w okolicach genitalnych.<\/li>\n<li>Ci\u0105\u017ca i karmienie piersi\u0105 (zaleca si\u0119 konsultacj\u0119 z lekarzem).<\/li>\n<li>M\u0119\u017cczy\u017ani poni\u017cej 18 roku \u017cycia.<\/li>\n<\/ul>\n<h2>Sk\u0142ad Expansil Cream<\/h2>\n<figure class=\"wp-block-table is-style-regular\">\n<table class=\"has-fixed-layout\">\n<tbody>\n<tr style=\"height: 13px;\">\n<td><strong>Sk\u0142adnik aktywny<\/strong><\/td>\n<td><strong>Dzia\u0142anie<\/strong><\/td>\n<\/tr>\n<tr style=\"height: 14px;\">\n<td>Olejek z nasion dzikiej r\u00f3\u017cy<\/td>\n<td>Poprawia kr\u0105\u017cenie krwi i wspomaga regeneracj\u0119 tkanek.<\/td>\n<\/tr>\n<tr style=\"height: 14px;\">\n<td>Olejek z li\u015bci mi\u0119ty pieprzowej<\/td>\n<td>Dzia\u0142a ch\u0142odz\u0105co i pobudzaj\u0105co.<\/td>\n<\/tr>\n<tr style=\"height: 14px;\">\n<td>Ekstrakt z li\u015bci mi\u0142orz\u0119bu japo\u0144skiego<\/td>\n<td>Zwi\u0119ksza przep\u0142yw krwi w okolicach genitalnych.<\/td>\n<\/tr>\n<tr style=\"height: 14px;\">\n<td>Sok z li\u015bci aloesu<\/td>\n<td>Nawil\u017ca i \u0142agodzi podra\u017cnienia sk\u00f3ry.<\/td>\n<\/tr>\n<tr style=\"height: 14px;\">\n<td>Macerat z arniki g\u00f3rskiej<\/td>\n<td>Dzia\u0142a przeciwzapalnie i wspomaga regeneracj\u0119 tkanek.<\/td>\n<\/tr>\n<\/tbody>\n<\/table>\n<\/figure>\n<h2>Skutki uboczne stosowania Expansil Cream<\/h2>\n<p>Og\u00f3lnie rzecz bior\u0105c, Expansil Cream jest dobrze tolerowany przez wi\u0119kszo\u015b\u0107 u\u017cytkownik\u00f3w. Niemniej jednak, jak ka\u017cdy produkt kosmetyczny, mo\u017ce powodowa\u0107 pewne skutki uboczne. Do najcz\u0119stszych nale\u017c\u0105:<\/p>\n<ul>\n<li>Podra\u017cnienie sk\u00f3ry w przypadku nadwra\u017cliwo\u015bci na sk\u0142adniki aktywne.<\/li>\n<li>Pieczenie lub sw\u0119dzenie po aplikacji (zwykle ust\u0119puje szybko).<\/li>\n<li>Alergiczne reakcje sk\u00f3rne (zaleca si\u0119 przerwanie stosowania i konsultacj\u0119 z lekarzem).<\/li>\n<li>Niezwykle rzadko mog\u0105 wyst\u0105pi\u0107 powa\u017cniejsze reakcje alergiczne.<\/li>\n<\/ul>\n<h2>Jak stosowa\u0107 Expansil Cream? Dawkowanie i aplikacja <\/h2>\n<p>Aby uzyska\u0107 najlepsze rezultaty, nale\u017cy stosowa\u0107 Expansil Cream zgodnie z zaleceniami producenta:<\/p>\n<ol type=\"1\">\n<li><strong>Czysto\u015b\u0107:<\/strong> Upewnij si\u0119, \u017ce obszar aplikacji jest czysty i suchy przed na\u0142o\u017ceniem kremu.<\/li>\n<li><strong>Aplikacja:<\/strong> Na\u0142\u00f3\u017c niewielk\u0105 ilo\u015b\u0107 kremu na sk\u00f3r\u0119 penisa i delikatnie masuj przez kilka minut a\u017c do ca\u0142kowitego wch\u0142oni\u0119cia.<\/li>\n<li><strong>Cz\u0119stotliwo\u015b\u0107:<\/strong> Stosuj krem dwa razy dziennie przez minimum cztery tygodnie dla zauwa\u017calnych efekt\u00f3w.<\/li>\n<li><strong>Pami\u0119taj:<\/strong> Unikaj kontaktu z oczami oraz innymi b\u0142onami \u015bluzowymi. W przypadku wyst\u0105pienia podra\u017cnienia natychmiast przerwij stosowanie.<\/li>\n<\/ol>\n<h2>Expansil Cream \u2013 Efekty stosowania <\/h2>\n<p>Zastosowanie Expansil Cream mo\u017ce przynie\u015b\u0107 szereg pozytywnych efekt\u00f3w. U\u017cytkownicy cz\u0119sto zg\u0142aszaj\u0105:<\/p>\n<ul>\n<li>Zwi\u0119kszenie rozmiaru penisa po regularnym stosowaniu przez kilka tygodni.<\/li>\n<li>Polepszenie jako\u015bci erekcji oraz jej trwa\u0142o\u015bci podczas stosunku seksualnego.<\/li>\n<li>Zwi\u0119kszone libido oraz wi\u0119ksz\u0105 satysfakcj\u0119 ze wsp\u00f3\u0142\u017cycia intymnego.<\/li>\n<\/ul>\n<p>Nale\u017cy jednak pami\u0119ta\u0107, \u017ce efekty mog\u0105 r\u00f3\u017cni\u0107 si\u0119 w zale\u017cno\u015bci od indywidualnych predyspozycji organizmu oraz regularno\u015bci stosowania produktu. Warto r\u00f3wnie\u017c podkre\u015bli\u0107 znaczenie zdrowego stylu \u017cycia oraz diety dla osi\u0105gni\u0119cia optymalnych rezultat\u00f3w.<\/p>\n<h2>Opinie i recenzje u\u017cytkownik\u00f3w o Expansil Cream <\/h2>\n<p>Poni\u017cej przedstawiamy podsumowanie opinii u\u017cytkownik\u00f3w oraz lekarzy na temat Expansil Cream. Wiele os\u00f3b docenia naturalny sk\u0142ad oraz efektywno\u015b\u0107 preparatu, jednak nie brakuje r\u00f3wnie\u017c negatywnych opinii dotycz\u0105cych jego dzia\u0142ania lub reakcji sk\u00f3rnych.<\/p>\n<h3>Opinie lekarzy <\/h3>\n<blockquote><p>&#8222;Z mojego do\u015bwiadczenia wynika, \u017ce wiele m\u0119\u017cczyzn boryka si\u0119 z problemami zwi\u0105zanymi z libido oraz jako\u015bci\u0105 erekcji. Preparaty takie jak Expansil Cream mog\u0105 by\u0107 pomocne jako wsparcie w terapii tych problem\u00f3w. Wa\u017cne jest jednak, aby pacjenci zdawali sobie spraw\u0119 z indywidualnych r\u00f3\u017cnic w dzia\u0142aniu tego typu produkt\u00f3w.&#8221;<\/p><\/blockquote>\n<blockquote><p>&#8222;Zalecam moim pacjentom ostro\u017cno\u015b\u0107 przy wyborze suplement\u00f3w wspomagaj\u0105cych \u017cycie seksualne. Chocia\u017c Expansil Cream ma naturalny sk\u0142ad, wa\u017cne jest przeprowadzenie test\u00f3w alergicznych przed jego zastosowaniem. W przypadku wyst\u0105pienia jakichkolwiek niepo\u017c\u0105danych reakcji nale\u017cy natychmiast przerwa\u0107 jego u\u017cycie.&#8221;<\/p><\/blockquote>\n<h3>Poztywne opinie u\u017cytkownik\u00f3w <\/h3>\n<p>&#8222;Stosuj\u0119 Expansil Cream od miesi\u0105ca i ju\u017c zauwa\u017cy\u0142em r\u00f3\u017cnic\u0119! Moja erekcja sta\u0142a si\u0119 znacznie mocniejsza i d\u0142u\u017csza. Krem \u0142atwo si\u0119 aplikuje i ma przyjemny zapach.&#8221; &#8211; Micha\u0142, lat 32.<\/p>\n<p>&#8222;Zdecydowa\u0142em si\u0119 na ten produkt po przeczytaniu wielu pozytywnych recenzji. Musz\u0119 przyzna\u0107, \u017ce nie zawiod\u0142em si\u0119! Po kilku tygodniach regularnego stosowania zauwa\u017cy\u0142em popraw\u0119 zar\u00f3wno w rozmiarze, jak i w jako\u015bci moich erekcji.&#8221; &#8211; Kamil, lat 28.<\/p>\n<h3>Negatywna opinia u\u017cytkownika <\/h3>\n<p>&#8222;Niestety mia\u0142em problemy ze sk\u00f3r\u0105 po zastosowaniu tego kremu. Mimo \u017ce pocz\u0105tkowo wydawa\u0142o mi si\u0119 to obiecuj\u0105ce, pojawi\u0142o si\u0119 podra\u017cnienie. Zdecydowa\u0142em si\u0119 przerwa\u0107 kuracj\u0119.&#8221; &#8211; Adam, lat 35.<\/p>\n<h2>Cena Expansil Cream \u2013 Gdzie kupi\u0107?<\/h2>\n<p>Cena Expansil Cream wynosi oko\u0142o <strong>167,99 z\u0142 <\/strong>, a produkt dost\u0119pny jest wy\u0142\u0105cznie na oficjalnej stronie producenta. Nale\u017cy uwa\u017ca\u0107 na oferty dost\u0119pne na innych platformach sprzeda\u017cowych czy aukcyjnych, poniewa\u017c mog\u0105 by\u0107 one nieautoryzowane lub oferowa\u0107 podr\u00f3bki produktu. Zakup bezpo\u015brednio od producenta gwarantuje oryginalno\u015b\u0107 oraz pe\u0142ne wsparcie klienta.<\/p>\n<h2>Podsumowanie opinii o Expansil Cream <\/h2>\n<p>Zar\u00f3wno pozytywne opinie u\u017cytkownik\u00f3w, jak i profesjonalna ocena lekarzy wskazuj\u0105 na potencja\u0142 Expansil Cream jako skutecznego wsparcia w poprawie \u017cycia seksualnego m\u0119\u017cczyzn. Cho\u0107 efekty mog\u0105 by\u0107 r\u00f3\u017cne w zale\u017cno\u015bci od indywidualnych predyspozycji organizmu oraz regularno\u015bci stosowania preparatu, wiele os\u00f3b zauwa\u017ca znaczn\u0105 popraw\u0119 jako\u015bci erekcji oraz og\u00f3lnej satysfakcji ze wsp\u00f3\u0142\u017cycia intymnego. Z drugiej strony warto pami\u0119ta\u0107 o mo\u017cliwo\u015bci wyst\u0105pienia reakcji alergicznych czy podra\u017cnie\u0144 sk\u00f3ry u niekt\u00f3rych u\u017cytkownik\u00f3w. Dlatego przed rozpocz\u0119ciem kuracji zaleca si\u0119 konsultacj\u0119 z lekarzem oraz przeprowadzenie test\u00f3w alergicznych.<\/p>\n","protected":false},"excerpt":{"rendered":"<p>Expansil Cream to produkt, kt\u00f3ry przyci\u0105ga uwag\u0119 m\u0119\u017cczyzn poszukuj\u0105cych naturalnych metod na popraw\u0119 jako\u015bci \u017cycia seksualnego. Dzi\u0119ki unikalnej formule, opieraj\u0105cej si\u0119 na sk\u0142adnikach pochodzenia ro\u015blinnego, krem ten ma na celu nie tylko zwi\u0119kszenie rozmiaru penisa, ale tak\u017ce popraw\u0119 erekcji i og\u00f3lnego komfortu seksualnego. W tym artykule przyjrzymy si\u0119 bli\u017cej temu preparatowi, jego dzia\u0142aniu oraz opiniom &#8230; <a title=\"Expansil Cream\" class=\"read-more\" href=\"https:\/\/mediqskin.pl\/sklep\/produkt\/expansil-cream\/\" aria-label=\"Read more about Expansil Cream\">Dowiedz si\u0119 wi\u0119cej<\/a><\/p>\n","protected":false},"featured_media":1103,"template":"","meta":[],"product_cat":[24],"product_tag":[],"class_list":{"0":"post-1102","1":"product","2":"type-product","3":"status-publish","4":"has-post-thumbnail","6":"product_cat-dla-mezczyzn","7":"sales-flash-overlay","8":"woocommerce-text-align-left","9":"woocommerce-image-align-center","10":"do-quantity-buttons","12":"first","13":"instock","14":"sale","15":"shipping-taxable","16":"product-type-external"},"yoast_head":"<!-- This site is optimized with the Yoast SEO plugin v23.9 - https:\/\/yoast.com\/wordpress\/plugins\/seo\/ -->\n<title>Expansil Cream - Opinie ludzi, Sk\u0142ad, Cena, Gdzie kupi\u0107? Forum<\/title>\n<meta name=\"robots\" content=\"index, follow, max-snippet:-1, max-image-preview:large, max-video-preview:-1\" \/>\n<link rel=\"canonical\" href=\"https:\/\/mediqskin.pl\/sklep\/produkt\/expansil-cream\/\" \/>\n<meta property=\"og:locale\" content=\"pl_PL\" \/>\n<meta property=\"og:type\" content=\"article\" \/>\n<meta property=\"og:title\" content=\"Expansil Cream - Opinie ludzi, Sk\u0142ad, Cena, Gdzie kupi\u0107? Forum\" \/>\n<meta property=\"og:description\" content=\"Expansil Cream to produkt, kt\u00f3ry przyci\u0105ga uwag\u0119 m\u0119\u017cczyzn poszukuj\u0105cych naturalnych metod na popraw\u0119 jako\u015bci \u017cycia seksualnego. Dzi\u0119ki unikalnej formule, opieraj\u0105cej si\u0119 na sk\u0142adnikach pochodzenia ro\u015blinnego, krem ten ma na celu nie tylko zwi\u0119kszenie rozmiaru penisa, ale tak\u017ce popraw\u0119 erekcji i og\u00f3lnego komfortu seksualnego. W tym artykule przyjrzymy si\u0119 bli\u017cej temu preparatowi, jego dzia\u0142aniu oraz opiniom ... Dowiedz si\u0119 wi\u0119cej\" \/>\n<meta property=\"og:url\" content=\"https:\/\/mediqskin.pl\/sklep\/produkt\/expansil-cream\/\" \/>\n<meta property=\"og:site_name\" content=\"MediqSkin.pl\" \/>\n<meta property=\"og:image\" content=\"https:\/\/mediqskin.pl\/sklep\/wp-content\/uploads\/2024\/12\/expansil-cream-opinie.jpg\" \/>\n\t<meta property=\"og:image:width\" content=\"600\" \/>\n\t<meta property=\"og:image:height\" content=\"600\" \/>\n\t<meta property=\"og:image:type\" content=\"image\/jpeg\" \/>\n<meta name=\"twitter:card\" content=\"summary_large_image\" \/>\n<meta name=\"twitter:label1\" content=\"Szacowany czas czytania\" \/>\n\t<meta name=\"twitter:data1\" content=\"1 minuta\" \/>\n<script type=\"application\/ld+json\" class=\"yoast-schema-graph\">{\"@context\":\"https:\/\/schema.org\",\"@graph\":[{\"@type\":\"WebPage\",\"@id\":\"https:\/\/mediqskin.pl\/sklep\/produkt\/expansil-cream\/\",\"url\":\"https:\/\/mediqskin.pl\/sklep\/produkt\/expansil-cream\/\",\"name\":\"Expansil Cream - Opinie ludzi, Sk\u0142ad, Cena, Gdzie kupi\u0107? Forum\",\"isPartOf\":{\"@id\":\"https:\/\/mediqskin.pl\/sklep\/#website\"},\"primaryImageOfPage\":{\"@id\":\"https:\/\/mediqskin.pl\/sklep\/produkt\/expansil-cream\/#primaryimage\"},\"image\":{\"@id\":\"https:\/\/mediqskin.pl\/sklep\/produkt\/expansil-cream\/#primaryimage\"},\"thumbnailUrl\":\"https:\/\/mediqskin.pl\/sklep\/wp-content\/uploads\/2024\/12\/expansil-cream-opinie.jpg\",\"datePublished\":\"2024-12-04T15:05:38+00:00\",\"dateModified\":\"2024-12-04T15:05:38+00:00\",\"breadcrumb\":{\"@id\":\"https:\/\/mediqskin.pl\/sklep\/produkt\/expansil-cream\/#breadcrumb\"},\"inLanguage\":\"pl-PL\",\"potentialAction\":[{\"@type\":\"ReadAction\",\"target\":[\"https:\/\/mediqskin.pl\/sklep\/produkt\/expansil-cream\/\"]}]},{\"@type\":\"ImageObject\",\"inLanguage\":\"pl-PL\",\"@id\":\"https:\/\/mediqskin.pl\/sklep\/produkt\/expansil-cream\/#primaryimage\",\"url\":\"https:\/\/mediqskin.pl\/sklep\/wp-content\/uploads\/2024\/12\/expansil-cream-opinie.jpg\",\"contentUrl\":\"https:\/\/mediqskin.pl\/sklep\/wp-content\/uploads\/2024\/12\/expansil-cream-opinie.jpg\",\"width\":600,\"height\":600},{\"@type\":\"BreadcrumbList\",\"@id\":\"https:\/\/mediqskin.pl\/sklep\/produkt\/expansil-cream\/#breadcrumb\",\"itemListElement\":[{\"@type\":\"ListItem\",\"position\":1,\"name\":\"Strona g\u0142\u00f3wna\",\"item\":\"https:\/\/mediqskin.pl\/sklep\/\"},{\"@type\":\"ListItem\",\"position\":2,\"name\":\"Produkty\",\"item\":\"https:\/\/mediqskin.pl\/sklep\/shop\/\"},{\"@type\":\"ListItem\",\"position\":3,\"name\":\"Expansil Cream\"}]},{\"@type\":\"WebSite\",\"@id\":\"https:\/\/mediqskin.pl\/sklep\/#website\",\"url\":\"https:\/\/mediqskin.pl\/sklep\/\",\"name\":\"MediqSkin.pl\",\"description\":\"\",\"potentialAction\":[{\"@type\":\"SearchAction\",\"target\":{\"@type\":\"EntryPoint\",\"urlTemplate\":\"https:\/\/mediqskin.pl\/sklep\/?s={search_term_string}\"},\"query-input\":{\"@type\":\"PropertyValueSpecification\",\"valueRequired\":true,\"valueName\":\"search_term_string\"}}],\"inLanguage\":\"pl-PL\"}]}<\/script>\n<!-- \/ Yoast SEO plugin. -->","yoast_head_json":{"title":"Expansil Cream - Opinie ludzi, Sk\u0142ad, Cena, Gdzie kupi\u0107? Forum","robots":{"index":"index","follow":"follow","max-snippet":"max-snippet:-1","max-image-preview":"max-image-preview:large","max-video-preview":"max-video-preview:-1"},"canonical":"https:\/\/mediqskin.pl\/sklep\/produkt\/expansil-cream\/","og_locale":"pl_PL","og_type":"article","og_title":"Expansil Cream - Opinie ludzi, Sk\u0142ad, Cena, Gdzie kupi\u0107? Forum","og_description":"Expansil Cream to produkt, kt\u00f3ry przyci\u0105ga uwag\u0119 m\u0119\u017cczyzn poszukuj\u0105cych naturalnych metod na popraw\u0119 jako\u015bci \u017cycia seksualnego. Dzi\u0119ki unikalnej formule, opieraj\u0105cej si\u0119 na sk\u0142adnikach pochodzenia ro\u015blinnego, krem ten ma na celu nie tylko zwi\u0119kszenie rozmiaru penisa, ale tak\u017ce popraw\u0119 erekcji i og\u00f3lnego komfortu seksualnego. W tym artykule przyjrzymy si\u0119 bli\u017cej temu preparatowi, jego dzia\u0142aniu oraz opiniom ... Dowiedz si\u0119 wi\u0119cej","og_url":"https:\/\/mediqskin.pl\/sklep\/produkt\/expansil-cream\/","og_site_name":"MediqSkin.pl","og_image":[{"width":600,"height":600,"url":"https:\/\/mediqskin.pl\/sklep\/wp-content\/uploads\/2024\/12\/expansil-cream-opinie.jpg","type":"image\/jpeg"}],"twitter_card":"summary_large_image","twitter_misc":{"Szacowany czas czytania":"1 minuta"},"schema":{"@context":"https:\/\/schema.org","@graph":[{"@type":"WebPage","@id":"https:\/\/mediqskin.pl\/sklep\/produkt\/expansil-cream\/","url":"https:\/\/mediqskin.pl\/sklep\/produkt\/expansil-cream\/","name":"Expansil Cream - Opinie ludzi, Sk\u0142ad, Cena, Gdzie kupi\u0107? Forum","isPartOf":{"@id":"https:\/\/mediqskin.pl\/sklep\/#website"},"primaryImageOfPage":{"@id":"https:\/\/mediqskin.pl\/sklep\/produkt\/expansil-cream\/#primaryimage"},"image":{"@id":"https:\/\/mediqskin.pl\/sklep\/produkt\/expansil-cream\/#primaryimage"},"thumbnailUrl":"https:\/\/mediqskin.pl\/sklep\/wp-content\/uploads\/2024\/12\/expansil-cream-opinie.jpg","datePublished":"2024-12-04T15:05:38+00:00","dateModified":"2024-12-04T15:05:38+00:00","breadcrumb":{"@id":"https:\/\/mediqskin.pl\/sklep\/produkt\/expansil-cream\/#breadcrumb"},"inLanguage":"pl-PL","potentialAction":[{"@type":"ReadAction","target":["https:\/\/mediqskin.pl\/sklep\/produkt\/expansil-cream\/"]}]},{"@type":"ImageObject","inLanguage":"pl-PL","@id":"https:\/\/mediqskin.pl\/sklep\/produkt\/expansil-cream\/#primaryimage","url":"https:\/\/mediqskin.pl\/sklep\/wp-content\/uploads\/2024\/12\/expansil-cream-opinie.jpg","contentUrl":"https:\/\/mediqskin.pl\/sklep\/wp-content\/uploads\/2024\/12\/expansil-cream-opinie.jpg","width":600,"height":600},{"@type":"BreadcrumbList","@id":"https:\/\/mediqskin.pl\/sklep\/produkt\/expansil-cream\/#breadcrumb","itemListElement":[{"@type":"ListItem","position":1,"name":"Strona g\u0142\u00f3wna","item":"https:\/\/mediqskin.pl\/sklep\/"},{"@type":"ListItem","position":2,"name":"Produkty","item":"https:\/\/mediqskin.pl\/sklep\/shop\/"},{"@type":"ListItem","position":3,"name":"Expansil Cream"}]},{"@type":"WebSite","@id":"https:\/\/mediqskin.pl\/sklep\/#website","url":"https:\/\/mediqskin.pl\/sklep\/","name":"MediqSkin.pl","description":"","potentialAction":[{"@type":"SearchAction","target":{"@type":"EntryPoint","urlTemplate":"https:\/\/mediqskin.pl\/sklep\/?s={search_term_string}"},"query-input":{"@type":"PropertyValueSpecification","valueRequired":true,"valueName":"search_term_string"}}],"inLanguage":"pl-PL"}]}},"_links":{"self":[{"href":"https:\/\/mediqskin.pl\/sklep\/wp-json\/wp\/v2\/product\/1102","targetHints":{"allow":["GET"]}}],"collection":[{"href":"https:\/\/mediqskin.pl\/sklep\/wp-json\/wp\/v2\/product"}],"about":[{"href":"https:\/\/mediqskin.pl\/sklep\/wp-json\/wp\/v2\/types\/product"}],"wp:featuredmedia":[{"embeddable":true,"href":"https:\/\/mediqskin.pl\/sklep\/wp-json\/wp\/v2\/media\/1103"}],"wp:attachment":[{"href":"https:\/\/mediqskin.pl\/sklep\/wp-json\/wp\/v2\/media?parent=1102"}],"wp:term":[{"taxonomy":"product_cat","embeddable":true,"href":"https:\/\/mediqskin.pl\/sklep\/wp-json\/wp\/v2\/product_cat?post=1102"},{"taxonomy":"product_tag","embeddable":true,"href":"https:\/\/mediqskin.pl\/sklep\/wp-json\/wp\/v2\/product_tag?post=1102"}],"curies":[{"name":"wp","href":"https:\/\/api.w.org\/{rel}","templated":true}]}}